 is -10 + (13 - (36 + -19)) + -1 + -3?
-18
What is (-9 - (1 - 3)) + ((53 - -45) + -49 - 21)?
21
Calculate -56 - (65 - (67 + -1)).
-55
(-1 + (6 - 2) - (4 - -4)) + -92 + 95
-2
Evaluate 112 + (-88 - -78 - 136).
-34
Calculate -18 + 16 + 21 + 5 + -49.
-25
1 + 21 + 1 + (100 - 44) + -49
30
-37 - ((3 - 0) + 99 + -104) - 8
-43
Calculate 0 + 21 + 4 - (-11 + -5).
41
Evaluate -7 - -10 - (22 - 10 - (8 + (21 - 30))).
-10
Calculate ((-32 - -17) + 11 - -6 - -32) + -21.
13
What is the value of -11 + 0 + (138 - 44) + -108?
-25
Calculate 89 + (100 - (-5 + 247)).
-53
Calculate -1 + -7 + (-40 - -53 - -12) - (2 + 0).
15
-148 - (9 + -82 - 12)
-63
What is the value of 26 - (42 + -40 + -15 + (0 - 0))?
39
Evaluate -16 + 119 - (-18 - -73).
48
52 - (23 + 11 - 41)
59
Calculate 3 + (-11 - (0 + -5)) + 83.
80
Calculate 54 - (-7 - (-13 - -15 - 17) - -11).
35
Calculate (20 - -7) + -77 + 102.
52
Evaluate 13 - ((14 - -8) + (-113 - -148)).
-44
Evaluate 27 - -70 - 76 - (75 - 6).
-48
-80 + (23 - (18 - -23) - (-1 + -18))
-79
Evaluate (-83 - -2) + (-112 - (-127 + -21)).
-45
What is the value of 0 - -2 - ((72 - 35 - 45) + (-2 - -8))?
4
Calculate -22 + 5 + 23 + -25 + 27 + 24 + 1.
33
What is the value of 0 + -9 + (220 - 165) + 74?
120
59 + 1 - (-1387 - -1438)
9
What is 87 - 46 - 49 - -21?
13
50 + 29 + (-82 - -46)
43
What is (23 - -2) + (-19 - (-9 + (-8 - (-9 + 1))))?
15
What is the value of -2 + (17 - 31) + 19 - (-4 - 1) - 42?
-34
Calculate (-53 - (-31 + -48)) + 105 + -3.
128
What is (0 + 4 - 24) + (142 - 121)?
1
-6 - ((2 - 11 - -47) + -19 + 28)
-53
What is the value of -3 - 1 - -70 - (9 - (35 + -11) - -4)?
77
What is the value of 12 + 12 + -31 + 8 - 9 - -24?
16
What is 4158 + -4087 + (-92 - 1)?
-22
What is 4 - (-63 + 87 + (1 - 10) + -2)?
-9
-5 + (-14 - -30 - (11 + 44 + -11))
-33
What is the value of (-6 - -17) + -4 + (186 - 202)?
-9
What is the value of (25 - -1) + -11 - 3 - (67 + -4)?
-51
-100 + -27 + 31 - -54
-42
-63 + -21 - 20 - -37
-67
What is (18 - -20) + -20 - 43 - -20?
-5
Calculate -12 - -4 - (4 + 5 + -12 + 39).
-44
(-31 + -2 - (-5 + 2)) + -10 + 19 + -19
-40
What is (-11 - -2) + (-187 - -158) + 84 + 5?
51
What is -4 + -25 + (2 - -10) + 0 + 9?
-8
What is the value of (38 - (-3 - -3)) + (65 - 97 - -13)?
19
Evaluate -14 - (-15 + -19 + 32 - (9 - (5 + -3))).
-5
Calculate (-30 - ((-20 - -14) + -4)) + 14.
-6
Evaluate (-37 - (9 - 79)) + (0 - 2).
31
Evaluate (2 - 3 - -24) + -223 + (-164 - -372).
8
What is 612 - 583 - (2 - -72)?
-45
Calculate 19 - ((4 - (4 + 16)) + 65).
-30
What is the value of -6 - 90 - (-145 - -78 - -39)?
-68
What is the value of -62 + 53 - (5 - (0 + -3 + 7 + 12))?
2
What is the value of (-1 - 45) + -18 + 50 + -62 + 23 + -1?
-54
Calculate -10 - (-16 + 12) - (-20 - -5).
9
4 + (-112 - (7 - (31 + -6 + -1)))
-91
80 + (-19 + 16 + -15 - 2)
60
34 + (-27 - (18 + -54) - 39) + (-7 - 1)
-4
What is the value of 15 + (36 - 2) - 74?
-25
Calculate -23 - (12 - (16 + 36 - -21)).
38
Evaluate 17 + -35 + -9 + 14 - (-17 + 86).
-82
Evaluate 24 + (-130 - (79 + -260)).
75
What is -53 - (-22 + (20 + -17 - -13))?
-47
What is the value of (-2 + 7 + -12 - 7 - -21) + -38?
-31
Calculate 23 + 19 + 18 - (4 - (-4 - 1)).
51
-43 - (-101 - -28) - (2 - 14)
42
What is the value of 40 + (54 - 27 - 25)?
42
Evaluate -1 + 35 + (24 + 53 - 56).
55
What is (-1 + -1 - 13) + (435 - 409) + -2?
9
What is the value of -22 + (362 - 361) + 7 + 0 - -77?
63
Calculate (-11 - (-18 + -2)) + 36 + (-1 - (-4 - -18)).
30
(-34 - -8) + (-72 - -166) - -35
103
What is the value of (-43 - 22) + 29 + 75?
39
What is the value of -3 - ((1311 - 1357) + -1 + 29)?
15
Evaluate -134 + 20 + (14 - 1).
-101
Calculate -528 - -558 - (42 - -2).
-14
(-30 - -9) + -65 + 122
36
Calculate -32 + (-17 - -10 - (5 + (-27 - -5))) - -8.
-14
Calculate (105 - 74) + 30 - 101.
-40
Calculate -72 - ((6 - (5 + -16 - -15 - -2)) + -5).
-67
Calculate -19 + 16 - (118 - 119).
-2
-77 - -85 - (-4 + 7 + -7 - (-1 - -1))
12
Calculate 3 - (34 + (-22 + 29 - -1)).
-39
Evaluate -23 - -48 - (145 + -198).
78
Evaluate 5 + 2 + 3 + -142 + 22 + 47.
-63
What is the value of 45 - ((33 - 28) + (6 - -6))?
28
What is 49 + ((-16 - -4) + 9 - -12 - -6)?
64
-29 + (-41 - -75) - (39 - (-3 + 2))
-35
What is the value of 97 - (19 - (7 - (-2 - -12)) - 15)?
90
Evaluate (163 - 41) + -87 + -36.
-1
What is the value of 1 + (14 - (-16 - (18 + -56) - 2))?
-5
-54 + (-30 - (22 - 40) - -30)
-36
1 - (-105 - -7) - ((8 - 2) + (7 - 3))
89
What is 1 + -92 + 1740 + -1722 - -8?
-65
What is (-11 - -1) + (-6 + -79 + 68 - (25 + 0))?
-52
What is the value of -12 + (18 - 23 - (3 - 63))?
43
Evaluate -24 + 36 + 18 + -38 + 31.
23
Calculate 23 + (-31 - 49) + 33.
-24
What is 8 + 7 + 1 + 21 + (-3 - 9) + -5?
20
Calculate -1 + 3 + 50 + (-632 - -617).
37
What is the value of 163 - (-69 + (-85 - -200))?
117
-26 + 51 + -26 - (8 - 56 - -8)
39
(-23 - ((-18 - -6) + -6)) + -6 + 22
11
What is the value of -52 + -5 + 2 + 21 - 18?
-52
What is the value of (91 - 2) + -22 + (-3 - 1) + 8?
71
Evaluate 5 + (-2 - 0 - -2) + (-38 - (-51 - -18)).
0
Calculate (11 - 10 - -15) + (-131 - 11) + 21.
-105
What is the value of (-116 - -155) + (-17 - 1) + 48?
69
-95 - (-2 + -11 + 5 + 5 + 1)
-93
What is -24 + (0 + -56 - (-2329 - -2331))?
-82
Evaluate 9 + -2 + 24 - (-9 + (-8 - -6)).
42
Calculate (0 - 13) + (25 - (139 + -87)).
-40
Evaluate -49 + 8 - (0 - -20) - 30.
-91
Calculate 1692 + -1688 + 13 + -15 + 1 + -71.
-68
Evaluate -1094 - -1098 - (-4 - (-37 - -2)).
-27
What is the value of -1 + 18 + (39 - (-35 - -39) - -14)?
66
What is 1 + -49 - (425 - 510)?
37
What is the value of -7 - (-3 + (-53 - (15 + -13 - -5)))?
56
Evaluate (20 - 163 - 19) + 298.
136
Evaluate 1 - -13 - (90 - (170 - 105)).
-11
Evaluate 4 + (-3 - 14) + (35 + -46 - (-1 - 1)).
-22
What is 3 - (26 + 1 + 1) - -3 - (368 - 368)?
-22
Calculate (-37 - (81 + -180)) + 24.
86
What is the value of (4 + -3 - 0) + 74 + (-90 - 15)?
-30
Evaluate 1 + 12 - (-279 + 255 + 0 + 31 - 70).
76
What is the value of -4 - -16 - (5 + (-28 - -128))?
-93
Evaluate 2 - (-12 + 4) - (2 - 1 - 11).
20
0 - (-15 + 120 + -3)
-102
1 + 30 - (-10 - -2 - ((8 - 29) + 8))
26
5 + 2 + (1 - (3 + -2)) + 4
11
What is (69 - (-133 + 113)) + -141?
-52
Calculate 13 - (0 + -3 + 3) - (-110 + 125).
-2
Calculate -34 - (2 - 31 - (-19 - -11)).
-13
What is the value of -8 + 17 + -29 + 23 - (-2 - -4 - -22)?
-21
(-15 + -4 - -3) + (-7 - (-20 - (15 - 24)))
-12
What is 136 + 53 + -120 - -7?
76
-10 + 25 + -85 - -14
-56
What is -59 - (-410 - -433 - (53 + -2))?
-31
(8 - (-6 + 65)) + 30 + -16 - -12
-25
Calculate 8 - ((1 - 52) + 49 + -34) - -5.
49
0 - 22 - (-46 + (12 - -33))
-21
Calculate (11 - (-81 - -50)) + (1 - -15).
58
-9 - (10 + -43 + -8 - 10)
42
Calculate 47 + -29 + 1 - -25.
44
Evaluate -97 - (-63 + -32) - (-3 - -12).
-11
Calculate 55 - (-27 - -104) - (-8 - (-14 + -4)).
-32
Evaluate (97 - 77) + (4 - 0).
24
0 - ((-113 - -64) + -1 + 21)
29
Evaluate (59 - 41) + 94 + -64.
48
Calculate (5 + 0 - (4 + 38)) + -41 + 42.
-36
Calculate ((-14 - (6 + -21)) + -14 - -8) + 14.
9
Calculate -1 - ((7 - 12) + 21 + 45).
-62
What is (2 - 16) + (-410 - -410)?
-14
Calculate (37 - 158) + (-30 - -108).
-43
48 + (-54 - -34) + 3 + -3
28
What is 38 + -25 + -8 - (20 - -2) - 21?
-38
What is -2 - -49 - (-1343 - -1338)?
52
What is the value of 0 + 61 - (-60 - (-7 - 66))?
48
Evaluate -4 - -14 - 5 - (-6 + 4 + 2 + 71).
-66
Calculate (-8 + (13 - 1 - 8) - 4) + 23 - 2.
13
What is -20 + (-24 + 113 - (-28 - -17 - -7))?
73
(26 - (5 - 0) - (-133 - -166)) + -86 + 2
-96
What is 60 + -1 - (1 - (1 - -6 - 3)) - 7?
55
Calculate 3 + 1 + (3 - -1 - (93 + -110)).
25
Evaluate 14 + (24 - 12) + 75 + -66.
35
What is the value of -14 - (-3 - (0 - -16)) - (10 + -2)?
-3
Evaluate (-3 - -15) + (35 - (17 - 0) - -94) - 10.
114
What is the value of 0 + -6 + (4 - -3) + 9 - 42 - -8?
-24
15 + -8 - (-6 + 0 + 5 - -41)
-33
Evaluate -8 + -26 + 20 + (-1 - -2).
-13
Evaluate -146 + (98 - (8 - 180)).
124
Evaluate -76 - (-62 + -54 + 68).
-28
-1 - (1 - (-64 - -63))
-3
(57 - 10 - ((-8 - (10 + -21)) + -10)) + 4
58
-44 - (44 - -12 - 107)
7
-7 - (-34 - (10 + -28) - 1)
10
What is the value of 33 + 9 + -6 + 21?
57
Calculate (-13 - -28 - 25 - -13) + (-20 - 2) + 0.
-19
What is 109 + 6 + (500 - 558)?
57
What is the value of (-53 - -28 - 22) + 12 - 5?
-40
Calculate (-55 - -63 - (0 + 16)) + 8 + -2.
-2
What is the value of (57 + -10 - 90) +